04
In base 10, what is 130 + -1716?
-1586
In base 8, what is 57043 - -14?
57057
In base 15, what is -15c + -15?
-172
In base 5, what is 1033 - -242131?
243214
In base 15, what is -5 - 14?
-19
In base 3, what is -2110 - 112210?
-122020
In base 11, what is -3 - -112a?
1127
In base 15, what is 93 + d52?
de5
In base 15, what is 4 - 4b6b4?
-4b6b0
In base 13, what is -518 - -477?
-71
In base 7, what is -225 - -40412?
40154
In base 10, what is 71263 - -4?
71267
In base 8, what is -4 - 31741?
-31745
In base 15, what is -271 + -174?
-3e5
In base 4, what is -13102 - 112113?
-131221
In base 11, what is -4451 - -5?
-4447
In base 6, what is -4213313 - 4?
-4213321
In base 4, what is -110013 - 1302?
-111321
In base 15, what is 24 + 308?
32c
In base 10, what is 4 + 755?
759
In base 7, what is -1250 + 120?
-1130
In base 14, what is 91 + -1c6?
-135
In base 12, what is 0 - -2b705a?
2b705a
In base 12, what is -57 - -61a?
583
In base 7, what is -11356 + -35?
-11424
In base 3, what is 201112 - 1202?
122210
In base 2, what is -11111111010010 - 111000?
-100000000001010
In base 10, what is 4 - 6390?
-6386
In base 13, what is -4 + -4c40?
-4c44
In base 6, what is 10443 - 4234?
2205
In base 13, what is 88 - 96b?
-8b3
In base 2, what is -110110111110001 + 1101?
-110110111100100
In base 10, what is 101 + 5260?
5361
In base 12, what is -aa220 + 6?
-aa216
In base 16, what is -20 - -1cc8?
1ca8
In base 9, what is -142 - -1657?
1515
In base 9, what is 482 + -220?
262
In base 7, what is 4 + -10034046?
-10034042
In base 9, what is 20306 - -3?
20310
In base 11, what is -44 - 22a8?
-2341
In base 4, what is -100 - -2013332000?
2013331300
In base 14, what is -6 - 23bd?
-23c5
In base 12, what is 346b + 7?
3476
In base 9, what is 34816 + 5?
34822
In base 11, what is 49 - -1479?
1517
In base 8, what is -5 - 1652741?
-1652746
In base 15, what is -2 + 2463?
2461
In base 2, what is -101 + 1000111110110?
1000111110001
In base 15, what is -256b - 0?
-256b
In base 2, what is 1110001 - -1000000001?
1001110010
In base 14, what is 56 + -5904?
-588c
In base 13, what is -73 - -1054?
cb1
In base 11, what is 9a5 + -17a?
826
In base 9, what is 331 - -61?
402
In base 4, what is 210133 - -123?
210322
In base 8, what is 1 - 27646?
-27645
In base 7, what is 306 + -430?
-121
In base 13, what is -b881 + 3?
-b87b
In base 13, what is -13452 + -5?
-13457
In base 15, what is -15 + 623?
60d
In base 13, what is 215 + -5292?
-507a
In base 10, what is 1 + -314?
-313
In base 4, what is -11 - 11210033?
-11210110
In base 5, what is 4211 + 1314?
11030
In base 12, what is -20312 + -4?
-20316
In base 12, what is 8 + -1501?
-14b5
In base 11, what is 10747 - 7?
10740
In base 12, what is -a + -8547?
-8555
In base 16, what is 3 + 2aa?
2ad
In base 5, what is -31 - 420240?
-420321
In base 8, what is 75124 - 14?
75110
In base 13, what is 905 - -49?
951
In base 7, what is 4 - -2666610?
2666614
In base 9, what is 2 + 7538?
7541
In base 11, what is -33882 - 4?
-33886
In base 11, what is 276 - 223?
53
In base 13, what is -2c1ac4 + 0?
-2c1ac4
In base 7, what is 3 + -13636363?
-13636360
In base 16, what is 2ee4f - -2?
2ee51
In base 8, what is -10 + 14003?
13773
In base 10, what is 104626 - 0?
104626
In base 14, what is 4 - -5d7b5?
5d7b9
In base 16, what is -8ee - 17?
-905
In base 12, what is 59 + 2124?
2181
In base 16, what is -4352 + 5?
-434d
In base 16, what is 136b - -2ff?
166a
In base 3, what is 221 - -12200001?
12200222
In base 12, what is -138 + -72?
-1aa
In base 6, what is -12424 + 1544?
-10440
In base 3, what is -11111 - -1001211?
220100
In base 13, what is 4cb1 - -6?
4cb7
In base 8, what is -50 - -541?
471
In base 7, what is -43102 - 452?
-43554
In base 12, what is 3 + 147217?
14721a
In base 15, what is -795a - -4?
-7956
In base 15, what is -ce - 14a9?
-1588
In base 13, what is 1 - b73c9?
-b73c8
In base 3, what is 10121 + -10200011?
-10112120
In base 8, what is 627 - -7170?
10017
In base 8, what is 1 + 4046?
4047
In base 10, what is 19 + -3107?
-3088
In base 2, what is 10010010111101111 - 10?
10010010111101101
In base 5, what is 1 + -122134?
-122133
In base 16, what is -4 + -c35?
-c39
In base 12, what is -302201 - 1?
-302202
In base 2, what is 11010100 + 1010110001011000?
1010110100101100
In base 7, what is 654122 + -3?
654116
In base 3, what is -10 + -10111202110?
-10111202120
In base 9, what is 6 + 40777?
40784
In base 6, what is 334 + 213?
551
In base 2, what is 10110 - 10001110001001?
-10001101110011
In base 13, what is -cb + -17c?
-27a
In base 11, what is -2943 - -38?
-2906
In base 13, what is 2 + 2a830?
2a832
In base 13, what is -2 + -2460?
-2462
In base 9, what is -16513 - 0?
-16513
In base 10, what is -1418370 - -1?
-1418369
In base 16, what is 79 + -1ce?
-155
In base 7, what is -162 + -2552?
-3044
In base 15, what is 572 - e5?
47c
In base 15, what is -18 - 7ac9?
-7ae2
In base 11, what is -9621 + 5?
-9617
In base 3, what is 10112 - -12202201?
12220020
In base 8, what is 30755 - -2?
30757
In base 15, what is 74b9a + 3?
74b9d
In base 2, what is 11010 + 1001001110?
1001101000
In base 10, what is 1404 - 28?
1376
In base 3, what is 2220 + -202022202?
-202012212
In base 10, what is 414631 + 1?
414632
In base 4, what is 10 + 3321123?
3321133
In base 15, what is 16261 + 22?
16283
In base 16, what is -1 + 3447?
3446
In base 5, what is -31 + -10313200?
-10313231
In base 2, what is 10000011011 - 101010111?
1011000100
In base 15, what is 2ed14 - 5?
2ed0e
In base 11, what is -60aa3a - 3?
-60aa42
In base 13, what is 3136 - 79?
308a
In base 7, what is -15265 + 3?
-15262
In base 5, what is -4 + 4133130?
4133121
In base 15, what is -5224 + -3?
-5227
In base 5, what is 2020132112 + -10?
2020132102
In base 4, what is -21211321 - -10?
-21211311
In base 7, what is 206 - -2345?
2554
In base 16, what is -1 + ea0c?
ea0b
In base 16, what is 15 - -579?
58e
In base 4, what is 1203220010 + 11?
1203220021
In base 8, what is -126163 - 26?
-126211
In base 13, what is 1ab32 + 9?
1ab3b
In base 16, what is -c + df6?
dea
In base 2, what is 1 - 1000010101?
-1000010100
In base 7, what is -510 + 1?
-506
In base 11, what is a - 263?
-254
In base 13, what is -223 - -31?
-1c2
In base 16, what is -b - -f995?
f98a
In base 14, what is 1a + -b23?
-b07
In base 16, what is 21 - -212c?
214d
In base 6, what is 553122 + 5?
553131
In base 14, what is -ab - -786?
6b9
In base 14, what is -9085a + -4?
-90860
In base 13, what is 68 + -5415?
-537a
In base 11, what is -244368 - -4?
-244364
In base 10, what is -179 + 16423?
16244
In base 14, what is -31 + db02?
dab1
In base 14, what is 64d - 13?
63a
In base 2, what is -111010110 + 1000001?
-110010101
In base 4, what is 3313 - -10222?
20201
In base 8, what is -2151 + 106?
-2043
In base 14, what is 0 - d135?
-d135
In base 3, what is -100010 + 1210011?
1110001
In base 16, what is 53 - -149?
19c
In base 7, what is 44552 - 11?
44541
In base 10, what is 1469 - -5?
1474
In base 14, what is 4a + -471b?
-46b1
In base 6, what is -1541035 - -4?
-1541031
In base 8, what is -7564 + 5?
-7557
In base 12, what is -6 - -b6b3?
b6a9
In base 11, what is 1 - 54a3?
-54a2
In base 14, what is 21 + -16957?
-16936
In base 15, what is -2ba - 2?
-2bc
In base 10, what is -783 + -148?
-931
In base 4, what is 300 + -1001201?
-1000301
In base 2, what is 1111000000 - 1010010001?
100101111
In base 10, what is 44 + 661?
705
In base 5, what is 340 - -414431?
420321
In base 5, what is 32 + -110011?
-104424
In base 3, what is -21002 - 110101110?
-110122112
In base 5, what is 1020304 - 2?
1020302
In base 15, what is e4995 + -2?
e4993
In base 4, what is -1022 + 3111213?
3110131
In base 13, what is -7c5293 + 0?
-7c5293
In base 5, what is -1 + -1201?
-1202
In base 2, what is -11110001101110 + 1101110?
-11110000000000
In base 2, what is 110110100010 + -1010101100?
101011110110
In base 12, what is 1 + 1312a?
1312b
In base 8, what is -35 + 1146?
1111
In base 7, what is 1 - -131634?
131635
In base 2, what is -1100010111111111 - -1?
-1100010111111110
In base 5, what is 2 + 3424311?
3424313
In base 2, what is -1 - 10000110000001111?
-10000110000010000
In base 13, what is -13a6 - -3?
-13a3
In base 16, what is -186 + -19a?
-320
In base 4, what is -302232010 + -3?
-302232013
In base 8, what is 117136 - 31?
117105
In base 3, what is -212 - 1001100122?
-1001101111
In ba